 -3 (base 10) in base 9?
-3
What is -5 (base 16) in base 10?
-5
-8 (base 14) to base 3
-22
Convert -4 (base 9) to base 5.
-4
Convert 1 (base 7) to base 5.
1
Convert -15 (base 12) to base 16.
-11
Convert -9 (base 15) to base 6.
-13
Convert 10220 (base 3) to base 14.
77
Convert 11 (base 4) to base 8.
5
What is 7 (base 12) in base 8?
7
Convert 1 (base 2) to base 6.
1
Convert 1113 (base 4) to base 6.
223
-8 (base 10) to base 16
-8
Convert -20 (base 4) to base 9.
-8
What is 15 (base 8) in base 4?
31
-4 (base 15) to base 5
-4
-212 (base 9) to base 3
-20102
Convert -5e (base 15) to base 9.
-108
What is 4 (base 11) in base 5?
4
-4 (base 15) to base 11
-4
What is -53 (base 6) in base 12?
-29
-23 (base 12) to base 7
-36
What is 3 (base 10) in base 8?
3
What is 1 (base 7) in base 5?
1
5 (base 14) to base 8
5
4 (base 13) to base 2
100
What is -201 (base 4) in base 7?
-45
110 (base 2) to base 15
6
Convert -56 (base 9) to base 7.
-102
What is 3 (base 12) in base 10?
3
What is 9 (base 11) in base 16?
9
What is -2 (base 6) in base 8?
-2
-352 (base 6) to base 15
-95
Convert 252 (base 6) to base 5.
404
What is 15 (base 11) in base 10?
16
-3 (base 16) to base 15
-3
Convert -231 (base 5) to base 7.
-123
Convert -4 (base 14) to base 4.
-10
What is -13 (base 16) in base 11?
-18
Convert 42 (base 10) to base 15.
2c
What is -3 (base 13) in base 6?
-3
Convert 552 (base 8) to base 4.
11222
What is -17 (base 14) in base 16?
-15
Convert -130 (base 8) to base 7.
-154
-11 (base 15) to base 2
-10000
What is 5 (base 7) in base 12?
5
40 (base 7) to base 13
22
Convert -24 (base 6) to base 8.
-20
Convert -13 (base 16) to base 11.
-18
4 (base 13) to base 7
4
25 (base 9) to base 14
19
-64 (base 10) to base 3
-2101
What is 4 (base 14) in base 2?
100
What is -122 (base 3) in base 10?
-17
Convert 6 (base 14) to base 10.
6
What is -2 (base 11) in base 7?
-2
-4 (base 11) to base 5
-4
-20 (base 6) to base 15
-c
Convert -1022 (base 5) to base 8.
-211
-12211 (base 3) to base 7
-313
Convert -5 (base 8) to base 2.
-101
What is -1 (base 14) in base 2?
-1
Convert 4 (base 14) to base 12.
4
2 (base 9) to base 2
10
What is -26 (base 10) in base 11?
-24
-34 (base 15) to base 5
-144
-3 (base 13) to base 12
-3
-9 (base 11) to base 13
-9
-3 (base 11) to base 14
-3
-11 (base 3) to base 8
-4
Convert -1a (base 14) to base 16.
-18
What is -27 (base 15) in base 9?
-41
0 (base 8) to base 3
0
-22 (base 6) to base 13
-11
What is 4d (base 16) in base 7?
140
-102 (base 5) to base 4
-123
What is 7 (base 11) in base 12?
7
What is -1330 (base 5) in base 11?
-186
What is -7 (base 9) in base 10?
-7
Convert 222 (base 4) to base 6.
110
What is 3 (base 15) in base 14?
3
Convert 9 (base 13) to base 4.
21
Convert 1d (base 14) to base 3.
1000
What is 0 (base 11) in base 2?
0
-2 (base 4) to base 15
-2
104 (base 5) to base 15
1e
What is 77 (base 9) in base 15?
4a
-3a (base 12) to base 3
-1201
Convert 20 (base 4) to base 10.
8
Convert 2 (base 14) to base 16.
2
Convert 7 (base 9) to base 8.
7
Convert 52 (base 11) to base 15.
3c
What is 5 (base 12) in base 7?
5
-3 (base 12) to base 8
-3
What is 1110 (base 6) in base 11?
215
Convert -10022 (base 3) to base 10.
-89
-25 (base 7) to base 11
-18
Convert 112 (base 3) to base 13.
11
Convert 1 (base 16) to base 12.
1
5 (base 9) to base 4
11
Convert -3 (base 13) to base 11.
-3
What is 17 (base 14) in base 12?
19
101 (base 4) to base 15
12
Convert -37 (base 8) to base 11.
-29
-1 (base 16) to base 8
-1
-3 (base 8) to base 16
-3
What is 21110 (base 3) in base 14?
105
What is 0 (base 5) in base 10?
0
-9 (base 13) to base 10
-9
Convert -1100 (base 2) to base 9.
-13
What is -10 (base 5) in base 2?
-101
Convert 5 (base 11) to base 3.
12
70 (base 9) to base 13
4b
3 (base 12) to base 14
3
What is 1 (base 12) in base 7?
1
What is 147 (base 9) in base 8?
174
Convert -9 (base 14) to base 5.
-14
-4 (base 16) to base 3
-11
Convert -6 (base 15) to base 13.
-6
101 (base 3) to base 6
14
Convert -148 (base 14) to base 3.
-100122
-15 (base 7) to base 13
-c
What is -25 (base 9) in base 13?
-1a
Convert -12 (base 3) to base 15.
-5
Convert 11 (base 2) to base 14.
3
What is 12 (base 10) in base 16?
c
What is 11 (base 2) in base 13?
3
Convert 6 (base 10) to base 12.
6
Convert -23 (base 8) to base 6.
-31
Convert 4 (base 5) to base 15.
4
0 (base 3) to base 9
0
Convert 0 (base 7) to base 15.
0
b (base 14) to base 11
10
What is -322 (base 4) in base 12?
-4a
Convert a (base 14) to base 4.
22
-53 (base 8) to base 16
-2b
Convert 53 (base 6) to base 2.
100001
What is -6 (base 11) in base 13?
-6
-3 (base 15) to base 5
-3
-21 (base 9) to base 5
-34
Convert 212 (base 6) to base 15.
55
37 (base 10) to base 2
100101
130 (base 7) to base 3
2121
-105 (base 7) to base 16
-36
1000 (base 2) to base 7
11
What is -22 (base 9) in base 8?
-24
What is -2 (base 13) in base 3?
-2
Convert 0 (base 3) to base 4.
0
-14 (base 7) to base 3
-102
Convert 23 (base 7) to base 5.
32
What is -269 (base 12) in base 10?
-369
4 (base 12) to base 3
11
-167 (base 10) to base 14
-bd
What is 8b (base 12) in base 15?
72
-1 (base 13) to base 4
-1
What is -110 (base 2) in base 4?
-12
What is -6 (base 8) in base 13?
-6
27 (base 9) to base 14
1b
What is 3 (base 7) in base 12?
3
What is 6 (base 16) in base 15?
6
Convert -8a (base 13) to base 15.
-79
Convert 2 (base 12) to base 8.
2
Convert -13 (base 13) to base 11.
-15
-59 (base 10) to base 9
-65
What is 8a (base 14) in base 16?
7a
-55 (base 7) to base 16
-28
What is 3 (base 11) in base 16?
3
What is 33 (base 15) in base 13?
39
2 (base 13) to base 2
10
What is -ab (base 12) in base 7?
-245
What is -10110 (base 2) in base 4?
-112
1001 (base 2) to base 16
9
33 (base 8) to base 6
43
What is 48 (base 12) in base 7?
110
-4 (base 7) to base 15
-4
-6 (base 10) to base 13
-6
Convert -8 (base 13) to base 3.
-22
What is 221 (base 3) in base 5?
100
What is 1b (base 13) in base 12?
20
What is 1011 (base 3) in base 7?
43
What is -17 (base 11) in base 9?
-20
What is -5d (base 14) in base 10?
-83
Convert -424 (base 5) to base 6.
-310
What is -4 (base 11) in base 15?
-4
23 (base 5) to base 6
21
Convert -6 (base 9) to base 13.
-6
Convert 27 (base 14) to base 7.
50
-3 (base 16) to base 15
-3
-1103 (base 4) to base 11
-76
Convert -1 (base 15) to base 4.
-1
What is 4 (base 5) in base 10?
4
151 (base 11) to base 16
b1
What is -1010 (base 2) in base 14?
-a
Convert -8 (base 11) to base 2.
-1000
2 (base 16) to base 2
10
12 (base 11) to base 4
31
125 (base 6) to base 16
35
-1 (base 16) to base 10
-1
Convert -102 (base 6) to base 8.
-46
-1 (base 7) to base 13
-1
-17 (base 9) to base 2
-10000
Convert 2 (base 5) to base 7.
2
-11 (base 15) to base 12
-14
3 (base 12) to base 11
3
1 (base 15) to base 13
1
6f (base 16) to base 8
157
6 (base 11) to base 2
110
8 (base 10) to base 6
12
102 (base 3) to base 5
21
What is -3 (base 7) in base 11?
-3
Convert 2222 (base 3) to base 8.
120
Convert 16 (base 7) to base 9.
14
Convert -e (base 15) to base 10.
-14
What is -2 (base 3) in base 16?
-2
Convert 23 (base 6) to base 10.
15
Convert -164 (base 11) to base 14.
-d9
556 (base 7) to base 12
1ba
-64 (base 8) to base 4
-310
242 (base 8) to base 6
430
3 (base 6) to base 3
10
What is -1b7 (base 14) in base 10?
-357
What is -122 (base 7) in base 4?
-1001
Convert -a5 (base 12) to base 3.
-11122
Convert 3 (base 14) to base 13.
3
Convert -2a (base 11) to base 10.
-32
What is 101110 (base 2) in base 10?
46
26 (base 8) to base 9
24
What is 3 (base 8) in base 16?
3
What is 21 (base 8) in base 10?
17
What is -1a (base 11) in base 3?
-210
Convert -1 (base 8) to base 15.
-1
What is 306 (base 7) in base 14?
ad
-132 (base 7) to base 8
-110
11 (base 3) to base 10
4
-2 (base 10) to base 8
-2
What is -113 (base 5) in base 16?
-21
11 (base 15) to base 13
13
Convert -1 (base 9) to base 3.
-1
What is 30 (base 4) in base 5?
22
What is 0 (base 14) in base 3?
0
120 (base 11) to base 7
263
What is 10 (base 12) in base 14?
c
What is 114 (base 6) in base 5?
141
Convert -19 (base 16) to base 14.
-1b
Convert -42 (base 6) to base 13.
-20
What is 2 (base 12) in base 9?
2
Convert 4 (base 6) to base 7.
4
Convert 1 (base 16) to base 5.
1
113 (base 7) to base 3
2012
4 (base 11) to base 8
4
e0 (base 15) to base 3
21210
What is -23 (base 12) in base 10?
-27
What is -1 (base 11) in b